{"id":5346,"date":"2021-10-11T15:06:23","date_gmt":"2021-10-11T13:06:23","guid":{"rendered":"https:\/\/maison23.fr\/?page_id=5346"},"modified":"2021-10-12T14:05:21","modified_gmt":"2021-10-12T12:05:21","slug":"nos-magasins","status":"publish","type":"page","link":"https:\/\/maison23.fr\/index.php\/nos-magasins\/","title":{"rendered":"Nos magasins"},"content":{"rendered":"<p>[vc_row row_content_width=\u00a0\u00bbgrid\u00a0\u00bb css=\u00a0\u00bb.vc_custom_1633958153984{margin-top: 150px !important;margin-bottom: 150px !important;}\u00a0\u00bb][vc_column width=\u00a0\u00bb2\/3&Prime;][vc_single_image image=\u00a0\u00bb5350&Prime; img_size=\u00a0\u00bblarge\u00a0\u00bb][\/vc_column][vc_column width=\u00a0\u00bb1\/3&Prime;]<div class=\"edgt-section-title-holder  edgt-st-standard edgt-st-title-left edgt-st-normal-space \" style=\"text-align: left\">\n\t<div class=\"edgt-st-inner\">\n\t\t\t\t\t\t\t<h3 class=\"edgt-st-title\" style=\"color: #af9c69\">\n\t\t\t\tNOS MAGASINS\t\t\t<\/h3>\n\t\t\t\t\t<\/div>\n<\/div><h2 class=\"edgt-custom-font-holder  edgt-cf-9840 \" style=\"font-size: 17px;font-weight: 400;letter-spacing: 0.5px;text-align: left;color: #a0a0a0;margin: 20px 0 0 0\" data-item-class=\"edgt-cf-9840\">\n\tPour mieux vous servir, Maison 23 vous propose deux magasins o\u00f9 nos \u00e9quipes vous accueilleront chaleureusement.<\/h2><h2 class=\"edgt-custom-font-holder  edgt-cf-7075 \" style=\"font-size: 17px;font-weight: 400;letter-spacing: 0.5px;text-align: left;color: #a0a0a0;margin: 20px 0 0 0\" data-item-class=\"edgt-cf-7075\">\n\tLe premier situ\u00e9 \u00e0 Wasselonne, est d\u00e9di\u00e9 \u00e0 l\u2019optique et \u00e0 l\u2019audition. Vous disposez d\u2019un parking r\u00e9serv\u00e9 \u00e0 la client\u00e8le.<\/h2><h2 class=\"edgt-custom-font-holder  edgt-cf-3032 \" style=\"font-size: 17px;font-weight: 400;letter-spacing: 0.5px;text-align: left;color: #a0a0a0;margin: 20px 0 0 0\" data-item-class=\"edgt-cf-3032\">\n\tLe second, sp\u00e9cifiquement d\u00e9di\u00e9 \u00e0 l\u2019audition, est situ\u00e9 dans le P\u00f4le M\u00e9dical de Marlenheim.<\/h2><h2 class=\"edgt-custom-font-holder  edgt-cf-3023 \" style=\"font-size: 17px;font-weight: 400;letter-spacing: 0.5px;text-align: left;color: #a0a0a0;margin: 20px 0 0 0\" data-item-class=\"edgt-cf-3023\">\n\tPousser la porte de l\u2019un de nos magasins et vous profiterez des conseils, de l\u2019expertise et du savoir-faire de nos opticiens et audioproth\u00e9sistes.<\/h2>[\/vc_column][\/vc_row]<\/p>\n","protected":false},"excerpt":{"rendered":"<p>[vc_row row_content_width=\u00a0\u00bbgrid\u00a0\u00bb css=\u00a0\u00bb.vc_custom_1633958153984{margin-top: 150px !important;margin-bottom: 150px !important;}\u00a0\u00bb][vc_column width=\u00a0\u00bb2\/3&Prime;][vc_single_image image=\u00a0\u00bb5350&Prime; img_size=\u00a0\u00bblarge\u00a0\u00bb][\/vc_column][vc_column width=\u00a0\u00bb1\/3&Prime;][\/vc_column][\/vc_row]<\/p>\n","protected":false},"author":1,"featured_media":5350,"parent":0,"menu_order":0,"comment_status":"closed","ping_status":"closed","template":"full-width.php","meta":{"inline_featured_image":false,"footnotes":""},"class_list":["post-5346","page","type-page","status-publish","has-post-thumbnail","hentry"],"_links":{"self":[{"href":"https:\/\/maison23.fr\/index.php\/wp-json\/wp\/v2\/pages\/5346","targetHints":{"allow":["GET"]}}],"collection":[{"href":"https:\/\/maison23.fr\/index.php\/wp-json\/wp\/v2\/pages"}],"about":[{"href":"https:\/\/maison23.fr\/index.php\/wp-json\/wp\/v2\/types\/page"}],"author":[{"embeddable":true,"href":"https:\/\/maison23.fr\/index.php\/wp-json\/wp\/v2\/users\/1"}],"replies":[{"embeddable":true,"href":"https:\/\/maison23.fr\/index.php\/wp-json\/wp\/v2\/comments?post=5346"}],"version-history":[{"count":6,"href":"https:\/\/maison23.fr\/index.php\/wp-json\/wp\/v2\/pages\/5346\/revisions"}],"predecessor-version":[{"id":5568,"href":"https:\/\/maison23.fr\/index.php\/wp-json\/wp\/v2\/pages\/5346\/revisions\/5568"}],"wp:featuredmedia":[{"embeddable":true,"href":"https:\/\/maison23.fr\/index.php\/wp-json\/wp\/v2\/media\/5350"}],"wp:attachment":[{"href":"https:\/\/maison23.fr\/index.php\/wp-json\/wp\/v2\/media?parent=5346"}],"curies":[{"name":"wp","href":"https:\/\/api.w.org\/{rel}","templated":true}]}}

<p>[vc_row row_content_width= »grid » css= ».vc_custom_1633958153984{margin-top: 150px !important;margin-bottom: 150px !important;} »][vc_column width= »2/3&Prime;][vc_single_image image= »5350&Prime; img_size= »large »][/vc_column][vc_column width= »1/3&Prime;]<div class="edgt-section-title-holder  edgt-st-standard edgt-st-title-left edgt-st-normal-space " style="text-align: left">
	<div class="edgt-st-inner">
							<h3 class="edgt-st-title" style="color: #af9c69">
				NOS MAGASINS			</h3>
					</div>
</div><h2 class="edgt-custom-font-holder  edgt-cf-9840 " style="font-size: 17px;font-weight: 400;letter-spacing: 0.5px;text-align: left;color: #a0a0a0;margin: 20px 0 0 0" data-item-class="edgt-cf-9840">
	Pour mieux vous servir, Maison 23 vous propose deux magasins où nos équipes vous accueilleront chaleureusement.</h2><h2 class="edgt-custom-font-holder  edgt-cf-7075 " style="font-size: 17px;font-weight: 400;letter-spacing: 0.5px;text-align: left;color: #a0a0a0;margin: 20px 0 0 0" data-item-class="edgt-cf-7075">
	Le premier situé à Wasselonne, est dédié à l’optique et à l’audition. Vous disposez d’un parking réservé à la clientèle.</h2><h2 class="edgt-custom-font-holder  edgt-cf-3032 " style="font-size: 17px;font-weight: 400;letter-spacing: 0.5px;text-align: left;color: #a0a0a0;margin: 20px 0 0 0" data-item-class="edgt-cf-3032">
	Le second, spécifiquement dédié à l’audition, est situé dans le Pôle Médical de Marlenheim.</h2><h2 class="edgt-custom-font-holder  edgt-cf-3023 " style="font-size: 17px;font-weight: 400;letter-spacing: 0.5px;text-align: left;color: #a0a0a0;margin: 20px 0 0 0" data-item-class="edgt-cf-3023">
	Pousser la porte de l’un de nos magasins et vous profiterez des conseils, de l’expertise et du savoir-faire de nos opticiens et audioprothésistes.</h2>[/vc_column][/vc_row]</p>
